r?
1
Let a = 12693 + -523. What is the hundreds digit of a?
1
Let b = -52 - -21. Let i = b - -446. What is the hundreds digit of i?
4
Let a(t) = -150*t + 2168. What is the units digit of a(0)?
8
Let t = -61628 + 152994. What is the thousands digit of t?
1
Let s(y) = y**2 - 5*y + 14. Let f be s(4). Suppose 569 + 4961 = f*o. What is the tens digit of o?
5
Let o = -202 - -176. What is the hundreds digit of (-4)/o + (-6158)/(-26) + 5?
2
Let s(n) = -n**2 + 13*n - 139. Let t be s(35). Let j = t - -1376. What is the hundreds digit of j?
4
Let q = -48 + 69. What is the thousands digit of (308/q)/((-4)/(-390))?
1
Suppose -4*h + 4*w = -8, -5*h - 2*w + 16 = -5*w. Suppose -1010 = 5*u + h*z - 5965, 15 = 3*z. What is the tens digit of u?
8
Suppose -9*t - 4 = 4*b - 4*t, -b = 2*t + 1. What is the hundreds digit of ((-220)/3 + b)/(17/(-255))?
1
Suppose 3*d = h + 11963, 8*d + 2*h = 27722 + 4170. What is the units digit of d?
7
Suppose 0 = 6898*g - 6943*g + 2757375. What is the thousands digit of g?
1
Let c = 68 + -46. Suppose -14*h + c = -3*h. Let r(i) = 17*i**3 - 3*i**2 + i. What is the tens digit of r(h)?
2
Let u be (-7)/((-7)/2) + 644. Let r = 1256 - u. Let g = r + -433. What is the units digit of g?
7
Let v = 74331 + -44448. What is the thousands digit of v?
9
Let f(i) = -3*i**3 - 15*i**2 + 10*i + 18. Let s be f(-7). Suppose s + 2008 = 10*y. What is the tens digit of y?
2
Suppose 0 = 4*g + 2*q - 36978, 3*g = 5*q + 14115 + 13651. What is the units digit of g?
7
Let w(g) be the third derivative of 7*g**5/12 - 19*g**4/24 + 23*g**3/2 + 3*g**2 - 27. What is the units digit of w(4)?
3
Let f = 1097 + -710. Suppose 3*n + f = 4*n. Let y = n - 243. What is the tens digit of y?
4
Let s = -7247 - -15506. What is the thousands digit of s?
8
Suppose 3*o + 3*o - 12 = 0. Suppose 3 - 15 = o*d. What is the units digit of d/(21/(-12) - -1)?
8
Let g(v) = v**3 - 5*v**2 + 9*v - 5. Let s(j) be the second derivative of -j**3/2 - 12*j**2 - j. Let u be s(-10). What is the tens digit of g(u)?
8
Suppose 14472 = 9*x + 15*x. Suppose x = s - 3*r, 861 - 3791 = -5*s - 2*r. What is the units digit of s?
8
Let w(t) = t**3 + 8*t**2 - 7*t - 15. Let y be w(-8). Suppose -y*f + 37*f = -3232. What is the units digit of f?
8
What is the units digit of ((-1644522)/(-108) - 40/48) + (-4)/18?
6
Suppose -161*u + 58793 = -1174628. What is the tens digit of u?
6
Suppose -11619 - 19179 = -3*h - 3*b, 30826 = 3*h + 10*b. What is the thousands digit of h?
0
Suppose 0 = 4*l + k - 8421, -1975 - 2246 = -2*l + 3*k. What is the thousands digit of l?
2
Let b(f) = 12028*f**3 + 3*f**2 - 30*f + 26. What is the ten thousands digit of b(1)?
1
Let z(b) = -5*b**2 - 3*b + 3. Suppose -2*o = -3*o + 4. Let u be z(o). Let w = u - -135. What is the units digit of w?
6
Let p be 13*-11*(4 + -7 - 3). Suppose -6*h + p = -1710. What is the tens digit of h?
2
Suppose -3*j - 1192 - 938 = -3*n, -4*n = -2*j - 2844. Suppose -33*s + 7142 = -n. What is the hundreds digit of s?
2
Let t = 80340 + -43935. What is the units digit of t?
5
Let c(i) = -19*i**3 + 15*i**2 + 29*i + 14. What is the tens digit of c(-9)?
1
Let s(a) = 587*a**3 + 13*a**2 - 36*a + 88. What is the tens digit of s(4)?
2
Suppose -7*d - 6*i = -4*d + 54, 0 = -2*d - i - 21. Let v(l) = l - 1. Let c(p) = -15*p - 26. Let g(m) = c(m) - 3*v(m). What is the units digit of g(d)?
1
Let q = 10729 + -8963. What is the hundreds digit of q?
7
Let s(q) = q**2 - 3*q - 15. Suppose -j + 8 = v, -4*j + j + 15 = 0. Suppose -v*i - 14 = -41. What is the units digit of s(i)?
9
Suppose -3*l - 8*w = -13427, 12*l - 10*l - 8953 = -5*w. What is the thousands digit of l?
4
Let h be ((69/2)/(-23))/(3/(-4)). What is the thousands digit of h/7 + -7649*7/(-49)?
1
Suppose 0*u - s + 2279 = 3*u, u - 5*s - 765 = 0. What is the tens digit of u/14 + 142/(-497)?
5
Let f(x) = -421*x - 16. Suppose 0 = -3*i + 4*b - 19, 0*i + b = -4*i. What is the units digit of f(i)?
5
Suppose -2*t + 4*a = -2224 - 830, 1515 = t - 5*a. Let w = -989 + t. What is the tens digit of w?
4
Suppose 0 = -s + 2*i + 13054, -13*s - 2*i = -15*s + 26098. What is the units digit of s?
4
Suppose -4*w - 154 = -m, 0*m = -3*w - 5*m - 127. Let d = 79 - w. Suppose -3*q - 4 = 2, -3*q - d = -o. What is the tens digit of o?
1
Let r = -48 + 88. Let g = 51 - r. What is the units digit of (-6)/33 - (-310)/g?
8
Let f = -100 - -112. Suppose 0*a + 3*a = f, -3*r - 4*a + 4447 = 0. Suppose -142 + r = 5*h. What is the tens digit of h?
6
Let s(v) = -333*v - 411*v + 64 + 805*v. What is the units digit of s(2)?
6
Let f(h) = 17*h - 12 + 20 + 24 + 1. Let j be f(12). Suppose -257 = 3*a - 6*a + 2*d, 3*d - j = -3*a. What is the tens digit of a?
8
Let q(a) = 451*a - 1512. What is the ten thousands digit of q(29)?
1
Let o be 7 + 0 - (-5 - -8). Let q be -1 - (-7)/(21/12). Suppose -q*y = -5*v + 29, -17 - 21 = -o*v - 5*y. What is the units digit of v?
7
Suppose -36624 = -3*h + c, 0 = 2*h - 3*h + 4*c + 12219. What is the hundreds digit of h?
2
Let t(i) = i**2 + 19*i + 18. Let x be t(-18). Suppose -v + 2 = x, -2*q - 4*v = -88 - 242. Suppose 0 = 3*g - q + 29. What is the units digit of g?
4
Let q = 89527 + -60855. What is the hundreds digit of q?
6
What is the hundreds digit of (12*(-10 + 314/30))/((-4)/(-8390))?
7
Suppose -14 = 4*a + t + 2, 5*t = -3*a - 12. Let u(b) = -59*b - 15. Let c be u(a). Suppose -4*w + 147 = -c. What is the units digit of w?
2
Let a = 33233 - 6953. What is the tens digit of a?
8
Let x(b) = -47*b**3 + 5*b**2 + 2*b + 14. Let p be x(-4). Suppose 0 = 4*g + 634 - p. What is the hundreds digit of g?
6
Let t be (8 - 9)*(-4)/(8/10). Suppose 0 = 5*k - t, 5*o - 6*k = -5*k + 1434. What is the units digit of o?
7
Let d = 2591 + 4793. What is the tens digit of d?
8
Let l(i) = 6 - 23*i + i**3 - i**2 - 3*i**3 + i**3 + 0*i**2. What is the units digit of l(-6)?
4
Suppose 3*n = -j + 3673, 2 = n + 5. What is the thousands digit of j?
3
Let t(c) = -c**3 + c + 2. Let u(f) = -f**3 + f**2 + 2*f + 2. Let n(x) = 4*t(x) - 3*u(x). Let v be n(-2). Let j(i) = 17*i - 9. What is the units digit of j(v)?
5
Let w = -6340 + 12071. What is the thousands digit of w?
5
Suppose -44*a = -15*a + 24*a - 145379. What is the hundreds digit of a?
7
Let s(l) = -1014*l - 2. Let m be s(-5). Suppose 5*z + 4767 + m = 0. What is the tens digit of 10/(-8) - z/28?
6
Let i(z) = 7*z**2 - 27*z + 17. Let t be i(13). Suppose -222*b = -225*b + t. What is the tens digit of b?
8
Suppose 7*s - 480 = 3*s. Suppose 0 = -z - 2*h + 58, z - 3*z = 5*h - s. Suppose 302 - z = 3*v. What is the units digit of v?
4
Let o be (-1 - (-10)/15)*-12. Suppose -5*p + 479 = -3*g - 765, -4*p - o*g + 1008 = 0. What is the units digit of p?
0
Let t(p) = 176*p + 986. What is the units digit of t(22)?
8
Suppose -5*p - 84452 = -5*u + 36118, -3*u = -2*p - 72340. What is the tens digit of u?
1
Let b be (346 - 3) + -2 + -2 + 0. What is the hundreds digit of b + 4 - (5 - 6)?
3
Suppose 2*w + 36003 = 39*g - 36*g, -w + 11996 = g. What is the hundreds digit of g?
9
Let x(l) = -l**2 + 12*l - 18. Let h be x(10). Suppose h*w + 38 = 44. Suppose w*g = 16*g - 2210. What is the hundreds digit of g?
1
Let d(c) = 72*c + 74. Let i be d(-5). Let t be 4/(-3) - (-1)/3. What is the tens digit of i/(-4) - -1*t/(-2)?
7
Suppose u + 30 = -t, 4*u + t + 81 = -30. Let n = 65 + u. Suppose n*i + 52 = 40*i. What is the tens digit of i?
2
Suppose 0 = 3*s + 3*g - 12, -g + 17 = 5*s + g. What is the tens digit of (-4 + (-28)/(-4))*269/s?
6
Let s be (3 - -1)*21/2. Let m = s - 24. What is the tens digit of 16/72 + 2570/m - -1?
4
Let v be ((-3682)/4)/(((-105)/(-14))/(-15)). Suppose 0 = 5*g + 4*h - 1995, 4*h + 245 = -4*g + v. What is the units digit of g?
9
Let l = 66 + -44. Let b(i) = -i + 64. Let r be b(l). Let q = r - -38. What is the tens digit of q?
8
Suppose -11343 = 5*n + 7*l - 4*l, 5*n + 11335 = 5*l. Let h = 3593 + n. What is the thousands digit of h?
1
Let g(r) = 13 - 9*r + 4614*r**2 + r**3 - 4628*r**2 + 42*r. What is the tens digit of g(14)?
7
Let b = -110 + 290. What is the hundreds digit of b/(16/4 + -3)?
1
Let b(a) = 2*a**3 + 7*a**2 + 45*a - 5. Let q be b(-21). What is the units digit of ((-2)/(-4))/(-6 - q/2730)?
3
Suppose -15 = -100*f + 97*f. Suppose 4*h = 0, -f*w = 29*h - 33*h - 4000. What is the hundreds digit of w?
8
Let k(t) = 32*t - 52. Let h be k(2). What is 